{"id":25,"date":"2025-09-23T09:43:22","date_gmt":"2025-09-23T09:43:22","guid":{"rendered":"https:\/\/kingmanx.com\/?page_id=25"},"modified":"2025-09-23T18:59:01","modified_gmt":"2025-09-23T18:59:01","slug":"25-2","status":"publish","type":"page","link":"https:\/\/kingmanx.com\/","title":{"rendered":".entry-title, .wp-block-post-title {   display: none !important; }"},"content":{"rendered":"<section class=\"kmx-wrap kmx-full\">\n  <div class=\"kmx-container\">\n    <div class=\"kmx-hero\">\n      <h1>Danh m\u1ee5c s\u1ea3n ph\u1ea9m<\/h1>\n      <p>Ch\u1ecdn danh m\u1ee5c \u0111\u1ec3 xem s\u1ea3n ph\u1ea9m &amp; \u0111\u1eb7t h\u00e0ng nhanh qua Telegram.<\/p>\n    <\/div>\n\n    <div class=\"kmx-grid\">\n      <!-- 1. Bao cao su -->\n      <article class=\"kmx-cat\">\n        <a href=\"\/danh-muc\/bao-cao-su\" class=\"kmx-media\">\n          <img src=\"https:\/\/kingmanx.com\/wp-content\/uploads\/2025\/09\/20250923_1919_Premium-Condom-Display_simple_compose_01k5v83phvffqr40gqzhb0r1mm.png\" alt=\"Bao cao su\" loading=\"lazy\" decoding=\"async\">\n          <span class=\"kmx-chip\">Hot<\/span>\n        <\/a>\n        <div class=\"kmx-body\">\n          <h3 class=\"kmx-name\">\n            <a href=\"\/danh-muc\/bao-cao-su\">Bao cao su<\/a>\n          <\/h3>\n          <p class=\"kmx-desc\">\u0110a d\u1ea1ng size &amp; c\u1ea3m gi\u00e1c. Ch\u00ednh h\u00e3ng, k\u00edn \u0111\u00e1o.<\/p>\n        <\/div>\n        <div class=\"kmx-foot\">\n          <a class=\"kmx-btn\" href=\"\/danh-muc\/bao-cao-su\">Xem s\u1ea3n ph\u1ea9m<\/a>\n          <a class=\"kmx-link\" href=\"https:\/\/t.me\/{TELEGRAM_USERNAME}?text=T\u01b0%20v\u1ea5n%20bao%20cao%20su\" target=\"_blank\" rel=\"noopener\">H\u1ecfi nhanh<\/a>\n        <\/div>\n      <\/article>\n\n      <!-- 2. Gel b\u00f4i tr\u01a1n -->\n      <article class=\"kmx-cat\">\n        <a href=\"\/danh-muc\/gel-boi-tron\" class=\"kmx-media\">\n          <img src=\"https:\/\/kingmanx.com\/wp-content\/uploads\/2025\/09\/20250923_1927_Futuristic-Lubricant-Gel_simple_compose_01k5v8js9hehbadxt25ve5ydme.png\" alt=\"Gel b\u00f4i tr\u01a1n\" loading=\"lazy\" decoding=\"async\">\n          <span class=\"kmx-chip\">Top pick<\/span>\n        <\/a>\n        <div class=\"kmx-body\">\n          <h3 class=\"kmx-name\">\n            <a href=\"\/danh-muc\/gel-boi-tron\">Gel b\u00f4i tr\u01a1n<\/a>\n          <\/h3>\n          <p class=\"kmx-desc\">G\u1ed1c n\u01b0\u1edbc\/silicone; t\u0103ng tho\u1ea3i m\u00e1i, d\u1ec5 v\u1ec7 sinh.<\/p>\n        <\/div>\n        <div class=\"kmx-foot\">\n          <a class=\"kmx-btn\" href=\"\/danh-muc\/gel-boi-tron\">Xem s\u1ea3n ph\u1ea9m<\/a>\n          <a class=\"kmx-link\" href=\"https:\/\/t.me\/{TELEGRAM_USERNAME}?text=T\u01b0%20v\u1ea5n%20gel%20b\u00f4i%20tr\u01a1n\" target=\"_blank\" rel=\"noopener\">H\u1ecfi nhanh<\/a>\n        <\/div>\n      <\/article>\n\n      <!-- 3. \u0110\u1ed3 ch\u01a1i nam -->\n      <article class=\"kmx-cat\">\n        <a href=\"\/danh-muc\/do-choi-nam\" class=\"kmx-media\">\n          <img src=\"https:\/\/kingmanx.com\/wp-content\/uploads\/2025\/09\/20250923_1927_Futuristic-Ergonomic-Gadget_simple_compose_01k5v8njjrfe28hgkxksvhzsa1.png\" alt=\"\u0110\u1ed3 ch\u01a1i nam\" loading=\"lazy\" decoding=\"async\">\n          <span class=\"kmx-chip\">New<\/span>\n        <\/a>\n        <div class=\"kmx-body\">\n          <h3 class=\"kmx-name\">\n            <a href=\"\/danh-muc\/do-choi-nam\">\u0110\u1ed3 ch\u01a1i nam<\/a>\n          <\/h3>\n          <p class=\"kmx-desc\">T\u1eadp trung hi\u1ec7u n\u0103ng &amp; \u0111\u1ed9 b\u1ec1n. K\u00edn \u0111\u00e1o, hi\u1ec7n \u0111\u1ea1i.<\/p>\n        <\/div>\n        <div class=\"kmx-foot\">\n          <a class=\"kmx-btn\" href=\"\/danh-muc\/do-choi-nam\">Xem s\u1ea3n ph\u1ea9m<\/a>\n          <a class=\"kmx-link\" href=\"https:\/\/t.me\/{TELEGRAM_USERNAME}?text=T\u01b0%20v\u1ea5n%20\u0111\u1ed3%20ch\u01a1i%20nam\" target=\"_blank\" rel=\"noopener\">H\u1ecfi nhanh<\/a>\n        <\/div>\n      <\/article>\n\n      <!-- 4. \u0110\u1ed3 ch\u01a1i n\u1eef -->\n      <article class=\"kmx-cat\">\n        <a href=\"\/danh-muc\/do-choi-nu\" class=\"kmx-media\">\n          <img src=\"https:\/\/kingmanx.com\/wp-content\/uploads\/2025\/09\/20250923_1931_Futuristic-Female-Wellness-Device_simple_compose_01k5v8vkcsf1f9vw50qr3mnb30.png\" alt=\"\u0110\u1ed3 ch\u01a1i n\u1eef\" loading=\"lazy\" decoding=\"async\">\n        <\/a>\n        <div class=\"kmx-body\">\n          <h3 class=\"kmx-name\">\n            <a href=\"\/danh-muc\/do-choi-nu\">\u0110\u1ed3 ch\u01a1i n\u1eef<\/a>\n          <\/h3>\n          <p class=\"kmx-desc\">Thi\u1ebft k\u1ebf tinh t\u1ebf, \u00eam v\u00e0 k\u00edn \u0111\u00e1o.<\/p>\n        <\/div>\n        <div class=\"kmx-foot\">\n          <a class=\"kmx-btn\" href=\"\/danh-muc\/do-choi-nu\">Xem s\u1ea3n ph\u1ea9m<\/a>\n          <a class=\"kmx-link\" href=\"https:\/\/t.me\/{TELEGRAM_USERNAME}?text=T\u01b0%20v\u1ea5n%20\u0111\u1ed3%20ch\u01a1i%20n\u1eef\" target=\"_blank\" rel=\"noopener\">H\u1ecfi nhanh<\/a>\n        <\/div>\n      <\/article>\n\n      <!-- 5. H\u1ed7 tr\u1ee3 sinh l\u1ef1c ph\u00e1i m\u1ea1nh -->\n      <article class=\"kmx-cat large\">\n        <a href=\"\/danh-muc\/ho-tro-sinh-luc-phai-manh\" class=\"kmx-media\">\n          <img src=\"https:\/\/kingmanx.com\/wp-content\/uploads\/2025\/09\/20250923_1934_Elegant-Male-Vitality-Design_simple_compose_01k5v90nwaeypa8ngv9v6g62aj.png\" alt=\"H\u1ed7 tr\u1ee3 sinh l\u1ef1c ph\u00e1i m\u1ea1nh\" loading=\"lazy\" decoding=\"async\">\n          <span class=\"kmx-chip\">Best<\/span>\n        <\/a>\n        <div class=\"kmx-body\">\n          <h3 class=\"kmx-name\">\n            <a href=\"\/danh-muc\/ho-tro-sinh-luc-phai-manh\">H\u1ed7 tr\u1ee3 sinh l\u1ef1c ph\u00e1i m\u1ea1nh<\/a>\n          <\/h3>\n          <p class=\"kmx-desc\">Th\u1ef1c ph\u1ea9m ch\u1ee9c n\u0103ng\/vi\u00ean u\u1ed1ng t\u0103ng c\u01b0\u1eddng sinh l\u00fd nam, h\u1ed7 tr\u1ee3 phong \u0111\u1ed9.<\/p>\n        <\/div>\n        <div class=\"kmx-foot\">\n          <a class=\"kmx-btn\" href=\"\/danh-muc\/ho-tro-sinh-luc-phai-manh\">Xem s\u1ea3n ph\u1ea9m<\/a>\n          <a class=\"kmx-link\" href=\"https:\/\/t.me\/{TELEGRAM_USERNAME}?text=T\u01b0%20v\u1ea5n%20h\u1ed7%20tr\u1ee3%20sinh%20l\u1ef1c%20ph\u00e1i%20m\u1ea1nh\" target=\"_blank\" rel=\"noopener\">H\u1ecfi nhanh<\/a>\n        <\/div>\n      <\/article>\n    <\/div>\n  <\/div>\n<\/section>\n\n\n\n<p><\/p>\n","protected":false},"excerpt":{"rendered":"<p>Danh m\u1ee5c s\u1ea3n ph\u1ea9m Ch\u1ecdn danh m\u1ee5c \u0111\u1ec3 xem s\u1ea3n ph\u1ea9m &amp; \u0111\u1eb7t h\u00e0ng nhanh qua Telegram. Hot Bao cao su \u0110a d\u1ea1ng size &amp; c\u1ea3m gi\u00e1c. Ch\u00ednh h\u00e3ng, k\u00edn \u0111\u00e1o. Xem s\u1ea3n ph\u1ea9m H\u1ecfi nhanh Top pick Gel b\u00f4i tr\u01a1n G\u1ed1c n\u01b0\u1edbc\/silicone; t\u0103ng tho\u1ea3i m\u00e1i, d\u1ec5 v\u1ec7 sinh. Xem s\u1ea3n ph\u1ea9m H\u1ecfi nhanh New [&hellip;]<\/p>\n","protected":false},"author":1,"featured_media":11,"parent":0,"menu_order":0,"comment_status":"closed","ping_status":"closed","template":"","meta":{"footnotes":""},"class_list":["post-25","page","type-page","status-publish","has-post-thumbnail","hentry"],"_links":{"self":[{"href":"https:\/\/kingmanx.com\/index.php?rest_route=\/wp\/v2\/pages\/25","targetHints":{"allow":["GET"]}}],"collection":[{"href":"https:\/\/kingmanx.com\/index.php?rest_route=\/wp\/v2\/pages"}],"about":[{"href":"https:\/\/kingmanx.com\/index.php?rest_route=\/wp\/v2\/types\/page"}],"author":[{"embeddable":true,"href":"https:\/\/kingmanx.com\/index.php?rest_route=\/wp\/v2\/users\/1"}],"replies":[{"embeddable":true,"href":"https:\/\/kingmanx.com\/index.php?rest_route=%2Fwp%2Fv2%2Fcomments&post=25"}],"version-history":[{"count":34,"href":"https:\/\/kingmanx.com\/index.php?rest_route=\/wp\/v2\/pages\/25\/revisions"}],"predecessor-version":[{"id":143,"href":"https:\/\/kingmanx.com\/index.php?rest_route=\/wp\/v2\/pages\/25\/revisions\/143"}],"wp:featuredmedia":[{"embeddable":true,"href":"https:\/\/kingmanx.com\/index.php?rest_route=\/wp\/v2\/media\/11"}],"wp:attachment":[{"href":"https:\/\/kingmanx.com\/index.php?rest_route=%2Fwp%2Fv2%2Fmedia&parent=25"}],"curies":[{"name":"wp","href":"https:\/\/api.w.org\/{rel}","templated":true}]}}